0 + v = 7*l. Calculate the remainder when l is divided by 36.
32
Suppose 28 = 5*r - 7. Suppose -28738 - 5712 = -65*j. Suppose r*a = 5*a + j. Calculate the remainder when a is divided by 19.
18
Let f = 5 - 7. Let b be 4/(-10) - (f + (-174)/10). Suppose 15*g - b*g + 340 = 0. What is the remainder when g is divided by 22?
19
Calculate the remainder when 712 is divided by (168/420)/((-2)/(-510)).
100
Suppose 0 = 234*h - 119*h - 4638 - 22042. Calculate the remainder when 4169 is divided by h.
225
Suppose 14*n - 38*n = 8222 - 26150. Calculate the remainder when n is divided by 238.
33
Let z(r) = 5*r**2 - 35*r + 31. Let v be z(7). Let t be (64/6)/(5/(-75)). Let i = v - t. What is the remainder when i is divided by 48?
47
Suppose 0 = 368*y - 361*y - 91. Calculate the remainder when 78 is divided by y.
0
Let z be 0 - (-35)/(-2) - 2/(-4). Let t = z - -8. Let y(o) = o**3 + 8*o**2 - 12*o - 3. Calculate the remainder when 43 is divided by y(t).
19
Let v(m) = -m**2 - 2*m + 230. What is the remainder when 183 is divided by v(12)?
59
Let n(g) = -g**3 - 20*g**2 - 7*g - 46. What is the remainder when n(-20) is divided by 16?
14
Let d = 313 + -310. Suppose -d*w - 5*k + 353 = 0, -3*w = -8*w - 5*k + 585. Calculate the remainder when w is divided by 39.
38
Suppose -4*b + 116 = -4*c, 3*b - 54 = -c + 13. Let j(u) = -u**2 - 14*u - 43. Calculate the remainder when b is divided by j(-8).
4
Suppose 0*y - 4*y - 3*c = -191, -5*y = -5*c - 230. Suppose 2*j - 123 = -3*j + 3*o, -2*j = o - y. What is the remainder when 36 is divided by j?
12
Suppose 45*o - 88127 + 7037 = 0. What is the remainder when o is divided by 11?
9
Let i(b) = -2*b**2 + 21*b + 12. Let o be i(16). Let j = o + 272. What is the remainder when j is divided by 16?
12
Let y = 375 + -401. Let s(i) = -i**3 - 26*i**2 - 11*i + 27. What is the remainder when s(y) is divided by 53?
48
Let r = 74 - 63. Let a be 37*((-63)/(-14) + (-1)/2). Let m = 177 - a. What is the remainder when m is divided by r?
7
Let y = -14950 + 15009. Calculate the remainder when (1/(-2))/((-1)/222) is divided by y.
52
Let s be 159/(-2) + 1/(-2). Let k(m) = m**2 + 356*m - 2500. Calculate the remainder when 9/((6/s)/(-1)) is divided by k(7).
38
Let c = -13231 - -13247. What is the remainder when 715 is divided by c?
11
Suppose 40*q + 23*q = 25*q + 39406. Calculate the remainder when q is divided by 26.
23
What is the remainder when 3516 - -1 - -11*(-8)/(-88) is divided by 207?
206
Let f = -6195 + 6200. Let z(j) = j**2 + 5*j. Let i = -8 - -2. What is the remainder when z(i) is divided by f?
1
What is the remainder when 17556592/4504 - (1 - (1*-7 - 0)) is divided by 17?
14
Let m(u) = u**3 + 19*u**2 + 17*u - 20. Let n be m(-18). What is the remainder when (2/n)/((-2)/244) is divided by (42/4)/((-2)/(-8))?
38
Suppose 6*y + 42422 = 42836. What is the remainder when 460 is divided by y?
46
Let k = 31 + 21. Suppose -4161 = 72*u - 4125 - 11196. Calculate the remainder when u is divided by k.
51
Suppose 2*b - 272 = 3*q, -3*q - 14 = -14. Calculate the remainder when 152 is divided by b.
16
Let c(y) = -17*y + 1. Let a be (8/44 - 0) + (-15132)/(-22). Suppose -a*i = -693*i + 855. What is the remainder when i is divided by c(-2)?
31
Suppose l = 6*l + 795. Let u = 132 + 105. Let v = u + l. What is the remainder when v is divided by 28?
22
Let f = -2413 + 3611. What is the remainder when f is divided by 99?
10
Suppose -p + 14 = 2*x, 26 = -2*p + x + 29. What is the remainder when 124 is divided by p?
0
Suppose 128*k - 136 - 632 = 0. Calculate the remainder when 1169 is divided by k.
5
Let l = 244 - 134. Suppose -5*k + l = -5*s, 0 = 10*k - 6*k - 5*s - 89. Calculate the remainder when 322/k + 2/(-6) is divided by 7.
1
Suppose 25*i - 3*i = 4474 + 630. Calculate the remainder when i is divided by 67.
31
Suppose 2*q = -62 - 26. What is the remainder when 738 is divided by 11/(-121) - 2512/q?
54
Let z = 113 - 115. Calculate the remainder when (z/4)/(42/(-5964)) is divided by 6.
5
Suppose -54*t = -59*t + 35. Suppose -o = 2*z - t - 3, 4*z + 5*o = 20. Calculate the remainder when z is divided by 1.
0
Let r = 1111 + -16. Suppose -r*i + 1090*i + 240 = 0. What is the remainder when i is divided by 13?
9
What is the remainder when 567 is divided by (203/(-12) + 4/(-12))/((-144)/384)?
15
Let n be ((-57)/(-9))/(44/(-24) + 2). Let b(m) = 21*m - 463. Calculate the remainder when b(n) is divided by 56.
55
Suppose -3*i - 5*c = 6, -2*i + 2*c + 1 - 5 = 0. Calculate the remainder when 45 is divided by ((-12)/i)/(142/639).
18
Let f(i) = 234*i - 66. Let n be f(3). Let j = n + -614. Calculate the remainder when 209 is divided by j.
11
Let z = -2885 + 3090. Calculate the remainder when 733 is divided by z.
118
Let o(f) = 3*f + 160. Suppose -26*p - 436 = 630. What is the remainder when 294 is divided by o(p)?
35
Let a be (-1 - (0 + 1)) + (-63)/(-9). Suppose -4*n + 118 = -h, -5*n - 19 = -6*n - a*h. Let f = -32 + 48. What is the remainder when n is divided by f?
13
Let q = 2827 - 2700. What is the remainder when q is divided by 13?
10
Suppose 5*d - 80 + 65 = 5*w, -w = -3. Calculate the remainder when 173 is divided by (20/25)/(d/495).
41
Suppose 3*r + 1190*j - 1191*j = 61, 107 = 5*r - j. What is the remainder when 3*(-1 + 1 + 11) is divided by r?
10
Suppose 2*t + 4*v - 5*v - 775 = 0, -4*t - 4*v = -1544. Calculate the remainder when 1557 is divided by t.
9
Let b = 79 - 71. Let s(h) = 1. Let x(r) = -2*r**2 + 3*r + 50. Let g(q) = 5*s(q) - x(q). What is the remainder when g(b) is divided by 15?
14
Suppose 70*v - 4745 - 10440 = 4205. Calculate the remainder when v is divided by 149.
128
Let k(d) = -26*d + 647. Calculate the remainder when k(13) is divided by 17.
3
Let m(u) = 15*u**2 - 69*u + 2. Suppose w + 15 = 2*t, -5*t + 4*w + 57 - 15 = 0. What is the remainder when m(t) is divided by 43?
42
Let v = 1256 + -1196. Calculate the remainder when 182 is divided by v.
2
Suppose -59*s + 10*s - 1500 + 69757 = 0. Calculate the remainder when s is divided by 35.
28
Let o(n) = n**3 - 14*n**2 + 17*n - 13. Let q(p) = -p**2 + 6*p + 20. Let a be q(7). What is the remainder when o(a) is divided by 8?
7
Let o be (6383/78)/(1/6). Let d = o + -329. What is the remainder when d is divided by 28?
22
Let t be (-1)/(-9) - 88/(-18). Suppose t = b + 3. Suppose 0 = -b*g - 2 + 64. What is the remainder when g is divided by 9?
4
Let t(r) = r**2 - 20*r - 52. Let a = -385 - -408. What is the remainder when t(a) is divided by 7?
3
Suppose 5*b = -3*l - 19, 6 = -5*b - 19. Let d be l*(10/(-4))/5*0. Suppose d = 14*g - 11*g - 36. What is the remainder when 23 is divided by g?
11
Let l(q) = 2*q**2 + 2*q. Let s be 506/88*(-3 - 0)*-4. What is the remainder when (s/9)/(1/((-48)/(-8))) is divided by l(3)?
22
Suppose r - 23 = -0*r. Suppose 5*l - d - 171 = 0, 3*d + 0 = -3. What is the remainder when l is divided by r?
11
Suppose 6 = -f + 2*f. Suppose -4*q = -20*q + 512. Suppose -43*n + 110 = -q*n. Calculate the remainder when n is divided by f.
4
Let j(m) = -2*m**3 - 21*m**2 - 70*m - 23. Suppose 120 - 659 = -11*v. What is the remainder when j(-7) is divided by v?
26
Let w = -43 + 60. Let g = -11 + w. Let s(n) = n**2 + n + 16. What is the remainder when s(g) is divided by 20?
18
Let z(y) = 433*y + 192. What is the remainder when z(5) is divided by 7?
5
Let t = -195 + 126. Let x be 16/((-112)/(-735)) + 8/(-2). Let c = x + t. Calculate the remainder when 125 is divided by c.
29
Let w(j) = -88*j + 1792. Let g(k) = -11*k - 1. What is the remainder when w(20) is divided by g(-2)?
11
Let r(g) = 23*g**2 + 4*g + 19. Let f be r(6). Suppose f = -2*o + 15*o. Suppose 6*a - 1813 = -o. What is the remainder when a is divided by 49?
46
Suppose -457 = -5*z - 3*b + 733, -z - 4*b + 238 = 0. Calculate the remainder when z is divided by 78.
4
Let h(d) = -825*d - 6416. Calculate the remainder when 267 is divided by h(-8).
83
Suppose -15 = 5*h + 5*u, -5*u + 0 + 5 = 0. Suppose -126*i = -291*i + 2640. What is the remainder when i is divided by (-4)/3*30/h?
6
Suppose -2*l + 2 = 0, -4*d - 451 = -5*l - 782. What is the remainder when 494 is divided by d?
74
Let s be 10286/12 - (0 - 1/(-6)). Let a = -828 + s. What is the remainder when 128 is divided by a?
12
Let p(r) = r**3 + 24*r**2 - 58*r - 129. Let a be p(-26). Let u(o) = o**2 - 18*o - 178. Suppose w = 3*